{"id":45,"date":"2013-07-16T22:58:31","date_gmt":"2013-07-16T20:58:31","guid":{"rendered":"http:\/\/seilziehclub-gonten.ch\/wordpress\/?page_id=45"},"modified":"2020-03-13T14:15:01","modified_gmt":"2020-03-13T12:15:01","slug":"seilziehen","status":"publish","type":"page","link":"https:\/\/seilziehclub-gonten.ch\/?page_id=45","title":{"rendered":"Sport"},"content":{"rendered":"<p>&nbsp;<\/p>\n<p><strong><span style=\"color: #008000;\">Seilziehen &#8211; Kult, Sport und Plausch<\/span><\/strong><\/p>\n<p>Die \u00e4ltesten Formen des Tauziehens gehen zur\u00fcck auf die altert\u00fcmlichen Riten vieler St\u00e4mme und L\u00e4nder, so z.B. auf Borneo und Halmahera sowie Indien und Burma. Tauziehen anl\u00e4sslich ritueller Begr\u00e4bnisse war ein Symbol f\u00fcr die Auseinandersetzung zwischen \u201eGut und B\u00f6se\u201c. Ein Sieg bei einem rituellen Tauziehen bedeutete viel mehr als nur eine sportliche Leistung. Ausser den asiatischen L\u00e4ndern ist Tauziehen auch in den Ritualen Afrikas und Amerikas als auch in Ozeanien bekannt. In Griechenland, der Wiege der antiken olympischen Spiele, wurde Tauziehen etwa 500 v. Chr. entweder als echter Wettkampfsport ausgetragen oder als vorbereitendes Training f\u00fcr andere Sportarten betrieben.<\/p>\n<p>Von 1900 bis 1920 war Tauziehen olympische Disziplin. Als das IOC im Jahre 1920 beschloss, die Anzahl der Disziplinen zu reduzieren, wurde Tauziehen ungl\u00fccklicherweise aus dem olympischen Programm gestrichen.<\/p>\n<p>Heute \u00fcbt man den Sport auf nationaler Ebene aus und misst sich an Europa-, Weltmeisterschaften und World Games (Weltspiele f\u00fcr nichtolympische Disziplinen).<\/p>\n<p>&nbsp;<\/p>\n<p><strong><span style=\"color: #008000;\">Der Wettkampf<\/span><\/strong><\/p>\n<p>Beim Seilzeihen stehen sich zwei aus acht Personen bestehende Teams gegen\u00fcber. Gezogen wird an einem 32 m langen Seil, welches einen Umfang zwischen 10 cm und 12,5 cm aufweist. Bei der Ausgangsstellung h\u00e4lt der hinterste Mann, der &#8222;Anker&#8220;, das Seilende fest umschlungen, was eine sichere Polsterung des Oberk\u00f6rpers bedingt. Das restliche Seilst\u00fcck befindet sich regelkonform auf dem rechten Fussrist der sieben \u00fcbrigen Mannschaftskollegen, bevor das Kommando &#8222;Seil auf&#8220; ert\u00f6nt. Dann erst wird durch das gemeinsame, schnelle Emporheben des rechten Fusses das Seil in die H\u00e4nde genommen. Doch auch jetzt beginnt noch nicht das eigentliche Ziehen, denn zuerst ert\u00f6nen die Kommandos &#8222;Spannen&#8220;, &#8222;Bereit&#8220; &#8211; und dann &#8222;Pull&#8220; (ziehen). Gewonnen hat ein Team das Pull, wenn eine Mannschaft den Gegner vier Meter auf seine Seite ziehen konnte.<\/p>\n<p>Bei solchen Wettk\u00e4mpfen braucht es nat\u00fcrlich auch Regeln. Werden diese nicht befolgt, erh\u00e4lt die fehlbare Mannschaft eine Verwarnung. Bekommt eine Mannschaft 3 Verwarnungen, so wird der Punkt dem Gegner zugesprochen. So d\u00fcrfen beispielsweise beim Spannen keine Standl\u00f6cher geschlagen werden. Auch absichtliches Absitzen, Absitzen auf den F\u00fcssen des Hintermannes sowie zus\u00e4tzliches Abst\u00fctzen mit der Hand wird geahndet. Freies Gleiten des Seiles unter der Achselh\u00f6hle, was das Klemmen ausschliesst, muss gew\u00e4hrleistet werden, ebenso ist das Nachgreifen untersagt.<\/p>\n<p>Normen und Regeln machen diese Sportart jedoch noch lange nicht aus. Untersucht man die F\u00e4higkeiten, welche ein Seilzieher besitzen muss, so st\u00f6sst man zwangsl\u00e4ufig auf Ausdauer, Konzentration, Kraft und Beweglichkeit und nicht zuletzt auch auf Schnelligkeit. Eine wichtige Person ist auch der Coach, der versucht durch gezielte Kommandos seine Mannschaft zum Punktgewinn zu f\u00fchren.<\/p>\n<p>Hinter diesen erfolgsversprechenden Leistungen steckt jedoch intensives, gezieltes Training, sowie eine gute Mannschaftsmoral und eine seri\u00f6se Einstellung gegen\u00fcber dem Seilziehsport.<\/p>\n<p>&nbsp;<\/p>\n<p><strong><span style=\"color: #008000;\">Seilziehen und Gesundheit<\/span><\/strong><\/p>\n<p>Es ist bekannt, dass R\u00fcckenschmerzen eine der h\u00e4ufigsten Beschwerden darstellen, derentwegen sich Patienten beim Arzt oder Physiotherapeuten melden. Man kann ruhig sagen, dass etwa <strong>ein Drittel der Bev\u00f6lkerung<\/strong> \u00fcber Schmerzen im R\u00fccken klagt, und dass praktisch jeder Mensch bereits w\u00e4hrend seinen ersten 30 Lebensjahren \u00fcber Phasen von R\u00fcckenproblemen berichtet. Die R\u00fcckenschmerzen k\u00f6nnen grundlegend in 2 Gruppen eingeteilt werden, n\u00e4mlich in Beschwerden auf Grund von <strong>organischen Ver\u00e4nderungen<\/strong> (Missbildungen, Verkr\u00fcmmungen, Bandscheibenvorf\u00e4llen, Verletzungen) oder auf Grund von <strong>\u00dcberlastungen<\/strong>. Gl\u00fccklicherweise f\u00fcr die Patienten liegt dabei viel h\u00e4ufiger die Form der \u00dcberlastung vor (z.B. Beschwerden nach l\u00e4ngerer Gartenarbeit oder langem Stehen) Die Behandlung besteht prim\u00e4r immer in Entspannung (mit W\u00e4rme, Massage, Dehnung), was auch f\u00fcr die Beschwerden auf Grund organischer Ursachen gilt.<\/p>\n<p>Viel wichtiger als die Behandlung ist aber die <strong>Prophylaxe<\/strong> von R\u00fcckenschmerzen. Was macht der Athlet um keinen Muskelkater zu bekommen &#8211; er trainiert. Unsere R\u00fcckenmuskulatur sollte ebenso trainiert werden um ihren Dauerauftrag &#8211; uns aufrecht zu halten &#8211; zu erm\u00f6glichen. Also ist das beste Vorbeugungsmittel, um nicht an R\u00fcckenschmerzen zu leiden, diese Muskulatur zu trainieren &#8211; und genau dies beinhaltet Seilziehen. Eigentlich sollte dieser Sport eine viel gr\u00f6ssere Verbreitung erfahren und vor allem in der Schule regelm\u00e4ssig eingesetzt werden. Keine andere Disziplin, ausser vielleicht Rudern, f\u00f6rdert die Entwicklung der R\u00fcckenmuskulatur so gut. Daneben wird ebenso, wie auch in anderen Sportarten, die Grundkondition durch Lauftraining verbessert und durch geeignete \u00dcbungen die Bauchmuskulatur trainiert und nat\u00fcrlich auch die Ausdauer &#8211; und Sprungraft in Armen und Beinen.<\/p>\n<p>Sicher kann Seilziehen als eine <strong>sehr g\u00fcnstige Sportart<\/strong> <strong>f\u00fcr die Gesundheit<\/strong> beurteilt werden. hinzu kommt, dass Tauziehen als Mannschaftssportart unsere Jugend Teamf\u00e4higkeit und Gruppendynamik lehrt. Der dritte und bez\u00fcglich Gesundheit entscheidende Vorteil dieser Sportart liegt in deren <strong>Risikolosigkeit bez\u00fcglich Verletzungen<\/strong>, da keine K\u00f6rperkontakte mit Gegnern auftreten. Auch verhindert eine Einteilung in Gewichtsklassen und eine Unterteilung in Junioren, Damen und Herren eine \u00dcberlastung. Akute Beschwerden im R\u00fccken k\u00f6nnen zwar bei l\u00e4ngeren Wettk\u00e4mpfen gepaart mit schlechtem Wetter vorkommen, sind aber durch \u00fcbliche entspannende Therapie mit W\u00e4rme und intensivem Dehnen rasch und effektvoll zu behandeln.<\/p>\n<p>Der g\u00fcnstige Effekt dieser Sportart und speziell des Trainings gilt genau gleich f\u00fcr Erwachsene wie f\u00fcr Jugendliche. Frauen profitieren vom Seilziehsport genau gleich wie M\u00e4nner.<\/p>\n<p>&nbsp;<\/p>\n","protected":false},"excerpt":{"rendered":"<p>&nbsp; Seilziehen &#8211; Kult, Sport und Plausch Die \u00e4ltesten Formen des Tauziehens gehen zur\u00fcck auf die altert\u00fcmlichen Riten vieler St\u00e4mme und L\u00e4nder, so z.B. auf Borneo und Halmahera sowie Indien und Burma. Tauziehen anl\u00e4sslich ritueller Begr\u00e4bnisse war ein Symbol f\u00fcr die Auseinandersetzung zwischen \u201eGut und B\u00f6se\u201c. Ein Sieg bei einem rituellen Tauziehen bedeutete viel mehr &hellip; <a class=\"read-excerpt\" href=\"https:\/\/seilziehclub-gonten.ch\/?page_id=45\">Weiterlesen <span class=\"meta-nav\">&raquo;<\/span><\/a><\/p>\n","protected":false},"author":2,"featured_media":0,"parent":0,"menu_order":0,"comment_status":"closed","ping_status":"closed","template":"","meta":{"ngg_post_thumbnail":0},"_links":{"self":[{"href":"https:\/\/seilziehclub-gonten.ch\/index.php?rest_route=\/wp\/v2\/pages\/45"}],"collection":[{"href":"https:\/\/seilziehclub-gonten.ch\/index.php?rest_route=\/wp\/v2\/pages"}],"about":[{"href":"https:\/\/seilziehclub-gonten.ch\/index.php?rest_route=\/wp\/v2\/types\/page"}],"author":[{"embeddable":true,"href":"https:\/\/seilziehclub-gonten.ch\/index.php?rest_route=\/wp\/v2\/users\/2"}],"replies":[{"embeddable":true,"href":"https:\/\/seilziehclub-gonten.ch\/index.php?rest_route=%2Fwp%2Fv2%2Fcomments&post=45"}],"version-history":[{"count":9,"href":"https:\/\/seilziehclub-gonten.ch\/index.php?rest_route=\/wp\/v2\/pages\/45\/revisions"}],"predecessor-version":[{"id":1193,"href":"https:\/\/seilziehclub-gonten.ch\/index.php?rest_route=\/wp\/v2\/pages\/45\/revisions\/1193"}],"wp:attachment":[{"href":"https:\/\/seilziehclub-gonten.ch\/index.php?rest_route=%2Fwp%2Fv2%2Fmedia&parent=45"}],"curies":[{"name":"wp","href":"https:\/\/api.w.org\/{rel}","templated":true}]}}